 - 50*t - 117. Determine z(15).
33
Let y(a) = -481*a**3 - a**2 - 4*a + 5. Determine y(1).
-481
Let c(h) = -h**2 - 42*h - 447. Calculate c(-26).
-31
Let p(s) = 28*s**3 + 2*s**2 - s - 1. Calculate p(-2).
-215
Let f(u) = 3632*u + 14539. Give f(-4).
11
Let b(x) = 2*x**3 + 70*x**2 + x + 72. What is b(-35)?
37
Let y(i) = 9*i**2 - 24*i + 25. Give y(1).
10
Let n(w) = -w**2 + 1365*w + 17918. Determine n(-13).
4
Let f(u) = -u**3 + 3*u**2 + 8*u - 21. Determine f(7).
-161
Let n(z) = -z**2 + 174*z - 2666. Calculate n(17).
3
Let z(k) = -4*k**3 + 6*k**2 + 156*k - 33. Calculate z(7).
-19
Let x(l) = 3*l**2 - 10*l + 13. Calculate x(5).
38
Let q(t) = -7*t**2 - 6*t - 59. Give q(-5).
-204
Let z(b) = -6*b**2 - 58*b + 181. What is z(-12)?
13
Let a(l) = -l**3 + 30*l**2 - 36*l + 270. Give a(29).
67
Let g(u) = 3*u**2 - 2991*u + 26674. Calculate g(9).
-2
Let j(a) = -425*a - 56944. Calculate j(-134).
6
Let i(x) = -691*x + 4836. Calculate i(7).
-1
Let v(k) = -4*k**3 - 8*k**2 - 15*k - 4. What is v(-3)?
77
Let z(p) = 5*p**2 - p - 13. Calculate z(8).
299
Let f(s) = 7*s + 14. Give f(-6).
-28
Let i(j) = 139*j + 776. Calculate i(-6).
-58
Let z(p) = p**2 - 59*p + 867. What is z(30)?
-3
Let o(j) = -3429*j - 20618. What is o(-6)?
-44
Let k(t) = 12*t**3 + t**2 - 8*t + 5. What is k(0)?
5
Let w(r) = 230*r + 2533. Determine w(-11).
3
Let c(n) = -n**3 - 35*n**2 + 19*n - 630. Calculate c(-36).
-18
Let i(w) = -w**3 + 135*w**2 + 1140*w - 29. What is i(-8)?
3
Let l(j) = 228*j - 497. Give l(2).
-41
Let f(i) = 19*i**3 - 304*i**2 - 11*i + 176. Determine f(16).
0
Let i(l) = -l**3 - 2*l**2 + 1344*l + 4040. Determine i(-3).
17
Let o(w) = w**3 - 87*w**2 + 639*w - 541. Calculate o(79).
12
Let t(j) = -45*j + 204. What is t(7)?
-111
Let w(s) = -11*s + 174. Determine w(16).
-2
Let k(m) = 18*m**3 + 5*m**2 - 29*m - 76. Calculate k(-3).
-430
Let n(d) = -d**2 - 60*d - 441. Determine n(-52).
-25
Let n(i) = -i**3 + 8*i**2 + 10. What is n(9)?
-71
Let n(m) = -m**2 - 18*m + 907. What is n(21)?
88
Let q(s) = s**3 + 16*s**2 + 14*s + 35. Determine q(-11).
486
Let p(h) = h**3 - 10*h**2 + 13*h + 9. What is p(7)?
-47
Let k(c) = 234*c + 12. Calculate k(0).
12
Let f(y) = 34*y + 596. Give f(-17).
18
Let x(k) = -9088*k + 54526. What is x(6)?
-2
Let a(b) = 30*b + 12. What is a(-6)?
-168
Let f(i) = 6*i**3 + 95*i**2 - 3*i + 24. Determine f(-16).
-184
Let z(u) = 57*u + 2267. Determine z(-40).
-13
Let m(r) = r**3 + 12*r**2 + 19*r - 6. Determine m(-10).
4
Let b(h) = 3*h**3 - 48*h**2 + 45*h + 1. Give b(15).
1
Let l(r) = 405*r**2 - 3247*r + 8. What is l(8)?
-48
Let o(y) = y**3 - 119*y**2 - 248. Calculate o(0).
-248
Let t(g) = g**2 + 60*g + 1086. Calculate t(-22).
250
Let t(l) = -1034*l - 5357. Calculate t(-5).
-187
Let t(s) = 12*s - 33. Calculate t(9).
75
Let m(d) = -d**3 - 59*d**2 + 379*d + 62. Give m(6).
-4
Let q(t) = t**2 - 48*t - 120. What is q(51)?
33
Let b(q) = -q**3 + 19*q**2 + 107*q - 2404. Determine b(17).
-7
Let r(l) = 68*l - 2798. Calculate r(41).
-10
Let l(w) = 22*w - 581. Determine l(26).
-9
Let u(o) = -50*o + 4004. Calculate u(80).
4
Let p(d) = -4*d**2 - 147*d + 86. Determine p(-34).
460
Let u(v) = 5*v**2 - 146*v + 966. Give u(18).
-42
Let k(p) = p**3 + 18*p**2 + 67*p + 19. Calculate k(-13).
-7
Let z(x) = -2*x**2 - 22*x - 230. Give z(-9).
-194
Let y(f) = -f**3 - 7*f**2 + 15*f + 34. Give y(-6).
-92
Let p(s) = 10*s**2 + 230*s + 28. Determine p(-23).
28
Let c(n) = 11*n**2 - 3*n - 11. Give c(-4).
177
Let v(g) = -g**3 + 172*g**2 + 43*g - 7396. What is v(172)?
0
Let x(t) = -17*t**3 - 14*t**2 + t + 5. Calculate x(-2).
83
Let m(z) = -56*z**3 + z**2 - 2*z - 1. What is m(-1)?
58
Let f(o) = 60*o + 233. Calculate f(-4).
-7
Let p(g) = -2*g**3 + 28*g**2 - 71*g + 4. What is p(11)?
-51
Let y(d) = -d**3 + 24*d**2 - 64*d + 455. Calculate y(22).
15
Let g(w) = -53*w - 8407. What is g(-159)?
20
Let y(v) = 241*v - 16869. Calculate y(70).
1
Let i(f) = f**2 - 8*f - 240. What is i(20)?
0
Let t(c) = -51*c**2 - 39*c + 38. Give t(1).
-52
Let h(z) = -z**2 + 39*z + 547. Determine h(-11).
-3
Let s(u) = u**3 + 67*u**2 - 110*u - 2861. Determine s(-68).
-5
Let k(b) = -b**3 - 74*b**2 + 157*b + 373. What is k(-76)?
-7
Let j(c) = 13*c**2 - 185*c + 26. Give j(14).
-16
Let m(g) = g**3 - 19*g**2 - 20*g - 498. Give m(21).
-36
Let n(s) = 33*s + 93. Determine n(0).
93
Let s(h) = h**3 + 4*h**2 - 22*h - 3. What is s(3)?
-6
Let w(s) = -s**3 - 10*s + 592. What is w(0)?
592
Let w(o) = o**2 + 37*o - 234. Calculate w(-43).
24
Let s(q) = q**3 - 48*q**2 + 272*q + 9. Give s(7).
-96
Let o(t) = -t**2 + 290*t - 1998. What is o(7)?
-17
Let v(l) = -5*l**2 + 133*l + 90. Calculate v(27).
36
Let u(f) = -3*f**3 - 12*f**2 - 133*f - 253. What is u(-2)?
-11
Let j(s) = 5*s**3 - 610*s**2 - 617*s + 247. Calculate j(123).
1
Let q(r) = -348*r + 56377. What is q(162)?
1
Let o(u) = -u**2 - 10*u - 31. What is o(-5)?
-6
Let s(y) = 3*y**2 + 42*y + 12. Give s(-11).
-87
Let g(f) = 2*f**3 - 5*f**2 + 40*f - 111. Calculate g(3).
18
Let x(y) = 2*y**3 + 10*y**2 + 83*y + 229. What is x(-3)?
16
Let v(l) = 50*l - 1791. Give v(36).
9
Let g(p) = 9*p + 302. Calculate g(-27).
59
Let g(u) = 2*u**2 - 156*u + 320. Calculate g(76).
16
Let j(f) = -3*f**2 - 29*f - 61. What is j(-3)?
-1
Let p(l) = -11*l - 162. What is p(-12)?
-30
Let q(y) = 8*y**2 - 108*y + 142. Give q(12).
-2
Let d(a) = -4*a**2 + 26*a + 302. Calculate d(-6).
2
Let q(n) = 24*n - 28. Calculate q(6).
116
Let d(a) = -9*a**2 - 9*a - 19. Determine d(-2).
-37
Let w(q) = q**3 + 46*q**2 + 475*q + 12. Determine w(-16).
92
Let k(l) = -2*l**2 + 356*l - 6030. What is k(19)?
12
Let x(h) = -7*h + 222. Calculate x(43).
-79
Let x(p) = -3*p**3 + 36*p**2 + 325*p + 15. What is x(-6)?
9
Let w(l) = -l**2 + 108*l - 1920. Calculate w(86).
-28
Let w(h) = -40*h - 5382. Determine w(-124).
-422
Let r(w) = w**3 - 6*w**2 + 236*w - 2023. What is r(8)?
-7
Let h(k) = k**2 + 28*k + 168. Calculate h(-18).
-12
Let f(c) = 470*c**3 + 6*c**2 + 14*c + 9. What is f(-1)?
-469
Let g(h) = 3*h**2 - 65*h - 85. Give g(23).
7
Let k(i) = -5*i**2 - 9*i + 46. Calculate k(-4).
2
Let m(s) = 24*s + 706. Give m(-31).
-38
Let a(t) = t**2 + 1605*t - 27570. Determine a(17).
4
Let v(w) = -2*w**2 - 75*w + 256. Determine v(-40).
56
Let b(r) = 2*r**3 - 79*r**2 - 1706*r + 43. Determine b(55).
-12
Let y(n) = n**2 + 20*n - 104. Determine y(-24).
-8
Let i(a) = -24*a + 224. What is i(18)?
-208
Let m(k) = -15*k**2 - 222*k + 58. Determine m(-14).
226
Let d(x) = -62*x - 89. What is d(-3)?
97
Let p(z) = z**2 + 40*z + 361. Determine p(-26).
-3
Let s(a) = -84*a + 511. What is s(6)?
7
Let q(v) = -v**2 - 12*v + 2225. Determine q(-50).
325
Let v(g) = 295*g - 2938. What is v(10)?
12
Let t(a) = a**3 + 42*a**2 + 204*a + 6694. What is t(-41)?
11
Let s(p) = 10*p**2 + 72*p + 23. Calculate s(-7).
9
Let j(b) = -54*b + 4361. Calculate j(80).
41
Let d(p) = -3*p**3 - 21*p**2 + 54*p + 1. Give d(-9).
1
Let m(w) = -332*w + 3262. What is m(10)?
-58
Let a(c) = -c**3 + 269*c**2 - 107*c + 28778. What is a(269)?
-5
Let j(p) = 2*p**2 + 54*p - 318. Calculate j(-28).
-262
Let k(b) = 14*b - 154. Determine k(-12).
-322
Let g(t) = 5319*t - 10615. Calculate g(2).
23
Let j(q) = -q**3 + 28*q**2 - 25*q - 1243. Calculate j(25).
7
Let a(w) = -112*w + 335. What is a(5)?
-225
Let p(t) = 12*t**2 + 6*t + 8. Calculate p(-4).
176
Let s(o) = 3*o**3 - 5*o + 9. Give s(0).
9
Let f(b) = -4*b**2 - 63*b - 306. Give f(-10).
-76
Let y(o) = -499*o - 26952. Calculate y(-54).
-6
Let n(j) = 60*j**2 - 108*j. Calculate n(3).
216
Let n(q) = q**3 + 47*q**2 + 2*q + 50. Give n(0).
50
Let g(k) = -7*k + 21. What is g(6)?
-21
Let x(j) = 1193*j + 2413. Determine x(-2).
27
Let a(m) = -m**3 - 10*m**2 - 11*m + 7. What is a(-8)?
-33
Let x(l) = 2*l**2 + 106*l + 114. What is x(-52)?
10
Let a(l) = -2*l**2 + 1231*l - 10918. Give a(9).
-1
Let j(k) = -19*k + 702. Calculate j(23).
265
Let r(u) = -17*u**2 - 18*u - 14. Give r(-1).
-13
Let w(z) = 3*z**3 + 14*z**2 + 5*z - 1. Determine w(-3).
29
Let g(a) = -2*a**2 - 134*a - 173. Calculate g(0).
-173
Let v(a) = a**2 - 40*a + 204. Calculate v(6).
0
Let y(o) = -o**3 + 40*o + 92. Calculate y(-5).
17
Let g(t) = -20*t**2 + 161*t - 15. Determine g(8).
-7
Let k(f) = -1267*f + 5043. Determine k(4).
-25
Let u(j) = -19*j + 255. Give u(18).
-87
Let l(m) = 2*m**2 + 147*m + 364. Determine l(-71).
9
Let y(m) = m**3 + 24*m**2 + 38*m - 21. Determine 